= j. Suppose 4*h = -12, 4*h + 45 = j*o + 6. Calculate the remainder when o is divided by 6.
3
Let n(b) = -3*b + 14. Let t(r) = -6*r + 27. Let p(y) = 5*n(y) - 3*t(y). Calculate the remainder when 30 is divided by p(9).
14
Suppose 0 = -8*j + 7*j + 17. Suppose 2*m - 18 = -0*m. What is the remainder when j is divided by m?
8
Let t(n) = n**2 + 6*n + 3. Let s be t(-6). Suppose 6 = o + s. Calculate the remainder when ((-43)/o)/(1/(-3)) is divided by 11.
10
Let u = 4 + -2. Suppose 2*b - 7 = -5*k, k + b = -u*k + 5. What is the remainder when k is divided by 3?
0
Let k = 0 + 4. Suppose 0*m + 3*m - 62 = -k*v, 3*m + 5*v - 61 = 0. Calculate the remainder when 86 is divided by m.
20
Suppose 0 = a - g - 17, -3*a = a + 4*g - 76. What is the remainder when a is divided by 9/(36/8) - -3?
3
Suppose 5*h - 12 - 2 = y, 3*h - 3*y - 6 = 0. Suppose 2*o + h = 3*o. What is the remainder when o is divided by 3?
0
Suppose 5*x - 4*r = -86 + 305, 63 = x + 4*r. Calculate the remainder when 234 is divided by x.
46
Suppose 2*j = 3*j - 8. Suppose -4*a - a + h + 21 = 0, -2*h = -a - 3. Suppose -2*i = -3*i + a. What is the remainder when j is divided by i?
3
Let f = 8 + -5. Suppose -c + f*n - 20 = -2*c, 3*n - 90 = -3*c. Suppose 0 = -o + 6*o - c. What is the remainder when 12 is divided by o?
5
Suppose -35 = -3*p - 2*m + m, 4*m - 56 = -5*p. What is the remainder when (9 - 3)*22/3 is divided by ((-15)/(-6))/(2/p)?
14
Let s(j) = j**3 + 5*j**2 - 6*j + 5. What is the remainder when 5/(-5) - (-19 + 1) is divided by s(-6)?
2
Suppose 3*u - 51 = -42. Calculate the remainder when 13 is divided by u.
1
Calculate the remainder when (33/(-3))/((-3)/12) is divided by 1/(-1 + (-16)/(-15)).
14
Let g(w) = w**2 + w + 14. Calculate the remainder when 53 is divided by g(0).
11
Suppose w - 4 = 0, -5*w + 0*w - 150 = -2*i. Calculate the remainder when i is divided by 22.
19
Let p = -30 - -67. What is the remainder when 108 is divided by p?
34
Suppose 0 = -2*r + 698 - 146. Let d = r - 192. What is the remainder when d is divided by 29?
26
Suppose 0 = -4*c + 70 + 66. What is the remainder when 100 is divided by c?
32
Let c be 1*2/(-1) - -7. Suppose 2 = m - 5*g, g - 14 - 22 = -c*m. Let o = 17 - 6. Calculate the remainder when o is divided by m.
4
Suppose -3*j - 4*p + 222 = 0, -2*j = -p - 0*p - 148. What is the remainder when j is divided by 20?
14
Suppose 3*r - 6 = -0. Suppose r*z - 25 = 11. Suppose 3*x - z = -2*w + 10, -4*x + 77 = 5*w. Calculate the remainder when 32 is divided by w.
15
Let t = -62 - -152. Calculate the remainder when (10/5)/(4/t) is divided by 16.
13
Let x(h) = -h**3 + 4*h**2 + 2*h + 3. Let l = -147 + 275. Suppose -4*r - l = -8*r. Calculate the remainder when r is divided by x(4).
10
Let y(c) = -c**2 + 8*c + 8. Let q be y(10). Calculate the remainder when 29 is divided by (-208)/q - 4/3.
13
Let d = 23 + -19. Calculate the remainder when d/(-5)*55/(-2) is divided by 4.
2
What is the remainder when 6 is divided by (6/15)/((-7)/(-70))?
2
Calculate the remainder when 65 is divided by (-165)/20*(-1 + -3).
32
Let f = -37 + 115. Let s = -56 + f. Let q = s + 9. What is the remainder when q is divided by 11?
9
Suppose -m = -0*m - 9. What is the remainder when 17 is divided by m?
8
Let g(r) = -r**2 - 7*r + 2. What is the remainder when 30 is divided by g(-6)?
6
Suppose c - 12 = -3*v, -15 = -3*v - v - c. Suppose 26 = 4*w - v*w. What is the remainder when w is divided by 14?
12
Let i(s) = -s**2 - 9*s - 1. Let w be i(-9). Let u(h) = 11*h**2 + h + 1. What is the remainder when u(w) is divided by 6?
5
Let t = 37 - 13. Calculate the remainder when 68 is divided by t.
20
Suppose 5*n + 114 = -5*h + 354, -200 = -4*h + 4*n. Suppose 14 - h = -d. Let x(f) = -f**2 + 3*f + 18. Calculate the remainder when d is divided by x(0).
17
Let v(y) = -55*y**3. Suppose -4*w + 87 + 25 = 0. What is the remainder when v(-1) is divided by w?
27
Suppose -7*u = -2*u - 85. Calculate the remainder when (-3 - 1) + 2 - -33 is divided by u.
14
Let q(o) = 13*o + 4. Calculate the remainder when q(3) is divided by 11.
10
Suppose 0 = -2*s - 2*s + 68. Suppose -2*v - 2*n = -102, -116 + 11 = -2*v - 5*n. What is the remainder when v is divided by s?
16
Suppose -4*f + 72 = -4*y, 2*f - 3*f - 4*y - 7 = 0. Suppose -25 = -5*p + 3*x, 2*p - 4*x - 10 = -7*x. What is the remainder when f is divided by p?
3
Suppose -2*q + 3 = -3*q, -4*q = 2*g + 4. Suppose 5*w - j - 10 = 0, g*w + w - 10 = -2*j. What is the remainder when 17*(w - 4 - -3) is divided by 6?
5
Let u = 14 + -10. Calculate the remainder when u is divided by 15/12 + 6/8.
0
Suppose 2*n - 3*n - 27 = -3*w, 5*n + 50 = -2*w. Let z = -7 - n. Let t = 5 + z. What is the remainder when 29 is divided by t?
9
Calculate the remainder when 94 is divided by (49 - 0)*(0 - -1).
45
Suppose 0 = 91*h - 90*h - 65. Calculate the remainder when h is divided by 17.
14
Let a = -45 + 200. Calculate the remainder when a is divided by 32.
27
Let l(b) = b**3 + 7*b**2 + 7*b + 4. Let a be l(-5). Let n = 13 + 14. Let g = n - a. Calculate the remainder when 14 is divided by g.
6
Let z be (-2)/7 - (-6663)/21. Suppose w - 4*n = -n + 70, -4*n - z = -5*w. What is the remainder when w is divided by 21?
19
Suppose 0 = 4*h - 68 + 20. Suppose 0 = -2*c + 6. Calculate the remainder when (-1)/(((-9)/105)/c) is divided by h.
11
Suppose 0 = 5*c + 4*g - 3*g - 65, 0 = 4*c + 5*g - 73. Let k(h) = 34*h**3 - h**2. Calculate the remainder when k(1) is divided by c.
9
Let g(m) = 31*m + m + 1 + 3 - 3. What is the remainder when g(1) is divided by 17?
16
Let d = -8 - -27. Calculate the remainder when d is divided by 7.
5
Let w(o) = o**2 + o - 1. What is the remainder when w(8) is divided by 24?
23
Let j(b) = b**2 - 10*b + 9. Let w = -43 - -69. Calculate the remainder when w is divided by j(10).
8
Suppose 5*y = -119 + 19. What is the remainder when (y/(-3))/((-1)/(-3)) is divided by 11?
9
Suppose 2*u + 2*k = 256, 4*k = -3*u + 2*k + 381. What is the remainder when u is divided by 32?
29
Suppose -7*b = -3*b - 20, -5*j + 75 = b. Let w = -101 + 47. Let l = 94 + w. Calculate the remainder when l is divided by j.
12
Suppose 0 = -5*q - h + 1176 + 574, q - 2*h = 350. Calculate the remainder when (-1)/7 - q/(-49) is divided by 5.
2
Suppose -17 = 2*i - h, 3*h + 0*h - 3 = 0. Let k = -1 - i. What is the remainder when k is divided by 9*(-3 - (-40)/12)?
1
Let r(y) = -y**3 + 5*y**2 + 7*y - 1. Suppose -3*k = -2*i + 3*i + 6, -i + 14 = -2*k. Suppose 3*a = 6*a - 6. Calculate the remainder when r(i) is divided by a.
1
Suppose 3*h + 29 = t - 1, 3*t - 2*h = 111. Calculate the remainder when t is divided by 6 - -1*(2 + 0).
7
Let b = 77 + -69. Suppose -4*d + 2*r = -4, 2*d + 3*r - 6 = 4. Suppose q + 26 = 2*q + 3*i, 4*i = q + d. Calculate the remainder when q is divided by b.
6
Suppose 0 = 4*v - 0*v - 4*x - 68, -5*v + 121 = 4*x. What is the remainder when 39 is divided by v?
18
Suppose -5*w - 4*g = -20, 5*g + 41 - 8 = w. Let c(y) = 15*y**2. What is the remainder when c(-1) is divided by w?
7
Let s = 11 + -5. Let c = s - 3. Let l = -7 - -14. Calculate the remainder when l is divided by c.
1
Let g be 0 - 1 - (-5)/5. Suppose 2*y + g*y - 4 = 0. What is the remainder when 2 is divided by y?
0
Suppose -2*r = -5*q - 33, -3*q - 2*q = 3*r + 13. Calculate the remainder when 33 is divided by 10 + (3 + q - -1).
6
Calculate the remainder when 41 is divided by 4/(-7) + 5889/273.
20
Suppose -2*b = -4*p - 10, -4*p + 5 = -9*p. Suppose -b*d = -5 - 7. Suppose 2*x = 0, -2*h - 2*h - d*x + 148 = 0. What is the remainder when h is divided by 13?
11
Suppose 5*m = 2*m + 3. Let y(j) = 9*j**2 + 1. Calculate the remainder when y(m) is divided by (-3)/(-2)*24/9.
2
Suppose -x = -3*n - 4*x + 36, -5*n + 57 = 4*x. What is the remainder when n is divided by 4?
1
Let z(u) = 2*u**2 - 8*u - 8. Calculate the remainder when 61 is divided by z(6).
13
Let m(t) = 4*t - 7. Let b = 610 + -418. Suppose 2*c + b = 4*f - 0*c, -241 = -5*f + 2*c. What is the remainder when f is divided by m(5)?
10
Let j be ((-106)/4)/((-2)/4). Let d(x) = -x**3 - 10*x**2 + 13*x + 23. Let o be d(-11). Calculate the remainder when j - (o + -3) - 0 is divided by 19.
17
What is the remainder when 12 is divided by (40/(-15))/(2/(-6))?
4
Let z(a) = -a**2 + 9*a - 4. Suppose i = -2 + 1. Calculate the remainder when 2 + i + 15*3 is divided by